t of z?
5
Let o(r) = r**3 + 8*r**2 + 7*r + 4. Let a be o(-7). Suppose a*y - 560 = -56. What is the hundreds digit of y?
1
Let l(w) = 28*w**2 + 2*w. Suppose 3*i - 5*s = -9, 5*i - 1 - 18 = -3*s. What is the units digit of l(i)?
6
Let i(u) = -267*u - 69. What is the tens digit of i(-3)?
3
Let d be (-16)/(-5) + (-1)/5. Let g = d - 18. Let l = g + 22. What is the units digit of l?
7
Let f = 382 - -512. Suppose 0 = -4*l + p + 2*p + 902, 4*l - f = -p. What is the hundreds digit of l?
2
What is the tens digit of ((-771)/2)/((-7)/14)?
7
Suppose 5*p - 86 - 74 = 0. Let k = 3 + p. What is the units digit of k/(3*(-3)/(-9))?
5
Let o(m) = -29*m + 274. What is the units digit of o(-22)?
2
Let f be 7 - (1 + 2 + -1). Let c = -16 + 2. Let u = f - c. What is the units digit of u?
9
Let g(u) = 110*u**2 + 40*u + 5. What is the tens digit of g(-6)?
2
Let w(m) = m**3 + 10*m**2 - 9*m - 13. Let g be w(-6). What is the units digit of g/(-4*(-6)/24)?
5
Let x = 8499 - 3492. What is the thousands digit of x?
5
Suppose 0 = 3*h - 33 - 21. Suppose 7*r + 21 = 112. Suppose -y + h - r = 0. What is the units digit of y?
5
Let t be (-1 - (-2)/4) + (-135)/6. Let s(q) = -2*q - 38. What is the units digit of s(t)?
8
Suppose -2*z + 20 = 2*z + 4*a, z = -2*a + 1. What is the units digit of 21*(3/z + 2)?
9
Suppose -10*n + 9 = -13*n, u = 5*n + 464. What is the units digit of u?
9
Let a = -10 + 10. Suppose 2*c + 1 - 31 = a. Let v = -3 + c. What is the units digit of v?
2
Suppose 8*a = 1125 + 8523. What is the tens digit of a?
0
Suppose 0 = -34*x + 16102 + 4842. What is the tens digit of x?
1
Suppose -5*m = y - 1 - 1, -10 = m - 5*y. What is the tens digit of (1 - -65) + m + 0?
6
Suppose 14*d - d = 6968. What is the hundreds digit of d?
5
Suppose -3*t + 5 = -c, 0*c = 2*t + 3*c - 18. Suppose -2*r = t*u - 42, r = -0*r + 4*u + 21. What is the units digit of r?
1
Let j(n) = n**2 - 7*n + 14. Let k be j(8). Let l = k - 18. Suppose -20 = -4*x - l*q, 0*q - 8 = 4*q. What is the units digit of x?
7
Let g = -151 + 196. What is the units digit of g?
5
Let o be (-8)/(-44) + (-64)/(-11). Let w(s) = 7*s + 4. What is the units digit of w(o)?
6
Let o(b) = 4*b**2 - 3*b + 1. Let c be o(4). Suppose -3*s - c = -5. What is the tens digit of 111*(s/6 - -3)?
3
Suppose 9*h - 3396 = -4*i + 5*h, -3*i + 4*h = -2512. What is the units digit of i?
4
Suppose 8*l = 9*l + 2*j - 4866, -l - 3*j = -4865. What is the units digit of l?
8
Let g be 2 + 5 + (-4 - 0). Let w be (-1 + -87)*g/(-4). Suppose -72 - w = -5*x - 4*v, 3*x - 4*v - 70 = 0. What is the units digit of x?
6
Let g(r) = -5*r**2 + 11*r + 15*r**2 - 4*r + 2*r**2 - 1. What is the units digit of g(4)?
9
Let x = -581 - -1106. What is the tens digit of x?
2
Suppose -3385 = -37*t + 35*t - u, 5*u - 8460 = -5*t. What is the hundreds digit of t?
6
Let l(q) = 4*q**2 - 13. Let f(k) = k**3 + k**2 + k + 2. Let m be f(-2). What is the units digit of l(m)?
1
Let q be 2/8 + (-1045)/(-44). Suppose 0 = -29*g + q*g + 40. What is the units digit of g?
8
Let z(h) = -3 + 7 + h - 2 - 1. Let y be z(-1). Suppose 3*r - 15 = -y*r. What is the units digit of r?
5
Let b(j) = 4*j**2 + 9*j + 21. Suppose -32 = 3*g - 20. What is the tens digit of b(g)?
4
Let f(n) = -n**3 - n + 4. Let g be f(0). Suppose 2*s - 2 = -2*d - 0*d, -4*s = -4*d - g. Suppose 0 = -d*i + 5*i - 120. What is the units digit of i?
4
Let f be 22/4*18/(-3). Let o be -6*(f/6 - -3). Suppose 4*c + c = o. What is the units digit of c?
3
Let f be (-16)/(-2 - 2) - -1. Suppose f*j + 4*c = -0*c - 3, 2*j - 10 = 4*c. Suppose -13 = v - 4*a, 4*v - j = -2*a + 19. What is the units digit of v?
3
Let m(x) = 259*x**2 - 77*x - 285. What is the units digit of m(-4)?
7
Let l = -9791 + 14355. What is the hundreds digit of l?
5
Suppose 4*n = 5*n - 4. Suppose -3 = n*b + 4*p - 11, 2*b + 31 = 5*p. What is the units digit of (-9)/(-2) - b/(-6)?
4
What is the tens digit of (12/(-8))/(6/(-256))?
6
Let z(h) = 7*h**2 - 80*h + 37. What is the tens digit of z(16)?
4
Suppose 0 = 6*d - 4*d - 54. Let l(i) = 2*i**3 - 2*i**2 - 1. Let j be l(2). Suppose -d = -j*s + 4*s. What is the units digit of s?
9
Suppose -h + 391 = -2*g - 174, -3*g = h - 560. What is the units digit of h?
3
What is the thousands digit of (-1)/(((-4)/18)/((-50340)/(-90)))?
2
What is the units digit of (-4)/26 + (-3563)/(-91)?
9
Let a(h) = -h**3 + 17*h**2 + 11*h + 32. What is the units digit of a(15)?
7
Suppose 11*l + 5*c = 16*l - 23535, -2*c = -5*l + 23532. What is the hundreds digit of l?
7
Let k = 8 - -24. Let p = k + 19. What is the tens digit of p?
5
Suppose -27*x + 46*x - 20558 = 0. What is the tens digit of x?
8
Let v(z) = 4 - 6 - 8*z - 6*z**2 + z**3 + 14. Let q be v(7). Suppose -u + 53 = -c, 0*u - q*u = -c - 285. What is the tens digit of u?
5
Suppose -10*h + 17 + 93 = 0. Suppose -h*b = -16*b + 280. What is the tens digit of b?
5
Let t(o) = 58*o + 1. Suppose 0 - 6 = -2*l. Let i be t(l). Suppose -93 - i = -4*w. What is the tens digit of w?
6
Let h(s) = -10*s - 4. Let f = -4 - 2. What is the tens digit of h(f)?
5
What is the units digit of -5 - (1/1 + -710 + 29)?
5
Let l(x) = 2*x**2 - 6*x - 9. Suppose 5*r - a = 51, -3*a = -2*r + 5*r - 27. What is the units digit of l(r)?
1
Suppose 3*m + 9*q - 15308 = 5*q, -4*q + 20416 = 4*m. What is the tens digit of m?
0
Let a be 0 + 0/(3 + -2). Suppose -2*f + 5*f + 234 = 5*k, -k + 4*f + 40 = a. Suppose -b = -4*b + k. What is the units digit of b?
6
Let s(g) = 6*g + 16. Let p be s(-4). What is the units digit of 20/p*8/10 + 155?
3
Let m(x) = 2*x**2 - 30*x + 38. Let p(u) = 3*u**2 - 4*u - 2. Let o be p(-2). What is the hundreds digit of m(o)?
1
Let m(c) = 3*c - 1. Let l be m(-1). Let p = 18 + -8. Let i = p + l. What is the units digit of i?
6
Let s = 44 + -45. What is the tens digit of ((-23 + 4)*1)/s?
1
Suppose 0 = t - 158 + 113. Let n = t - -2. What is the tens digit of n?
4
Suppose 0 = 13*g + 2231 - 5650. What is the hundreds digit of g?
2
Let y(n) = 36*n**2 + n + 1. Let w = -3 + 3. Suppose 1 = 3*v - 2*a, v = -w*v - 2*a + 3. What is the units digit of y(v)?
8
Suppose 32*h + 6912 = 48*h. What is the hundreds digit of h?
4
Suppose 6*i - 638 - 148 = 0. What is the units digit of i?
1
Suppose -1316 = -4*x - 28. What is the hundreds digit of x?
3
Let z(j) = j**2 - 11*j + 5. Suppose 4*v + 26 = r + r, 3*v + 3 = 0. Let d be z(r). Suppose 5*m - 5*n + 2*n = 159, -n - 163 = -d*m. What is the units digit of m?
3
Let p(c) = -c**3 - 5*c**2 + 5*c + 8. Let z be p(-6). Let v be ((-20)/6)/(z/21). What is the units digit of 11/55 - 214/v?
3
Suppose -4*c = -7*c - 4*v + 176, -4*v = c - 64. Suppose -261 = -4*m + u, 202 + c = 4*m + 2*u. What is the tens digit of m?
6
Let t(f) be the second derivative of -f**5/20 + 34*f**2 + 3*f - 1. Suppose 0 = -7*k + 2*k. What is the tens digit of t(k)?
6
Suppose 4*m + 22 = r, 5*r + m - 200 = 3*m. Let h = r + -30. Suppose -h*i = -14*i + 20. What is the units digit of i?
0
What is the hundreds digit of 14/(560/(-24)) + (-4578)/(-5)?
9
Let u(t) = 3*t + 10. Let l be u(-4). Let h be 3 - 2/1 - l. Suppose h*k = -2*k + 220. What is the units digit of k?
4
Suppose 38*k - 34*k - 5036 = 0. What is the hundreds digit of k?
2
Let a = -28 + 34. What is the units digit of 182/a + ((-25)/(-15) - 2)?
0
Let y(q) = -q**2. Let t be y(-1). Suppose -3*n - 16 = 2*g, -5*n - 5*g - 26 = -2*g. What is the tens digit of (t - (-9)/(-6))*n?
1
Let k = -96 - -96. Suppose k = 29*y - 34*y + 930. What is the hundreds digit of y?
1
Let h be 12/(-3) - (-9 - -2)/1. Suppose 56 + 268 = h*o. What is the hundreds digit of o?
1
Let k = 2658 - 1414. What is the units digit of k?
4
What is the tens digit of 45/(-54) - 65992/(-48)?
7
Let z(y) = -38*y - 1. Let a = 2 - 5. What is the hundreds digit of z(a)?
1
Let i(f) = f + 6. Let q be i(-8). Let y(p) = -p**2 + 3*p + 2. Let b be y(q). Let o = b - -26. What is the units digit of o?
8
Let h(b) = -b**3 - 12*b**2 + 27*b - 10. Let v be h(-14). Let y(a) = 21*a + 17. What is the units digit of y(v)?
1
Let j(a) = 5*a**2 + 4*a - 6. Let w be j(4). What is the units digit of (-43)/(-9) + 20/w?
5
Let y(m) = -m**2 - 13*m + 33. Let l be y(-15). Suppose -376 = -5*f + l*c, 0 = -3*f + 5*c - 3*c + 225. What is the units digit of f?
7
Suppose 2*w = -o - 0 + 4, -11 = -4*o - 3*w. Suppose o*x + 3*y - 29 = 0, -35 = -5*x + y + 46. What is the units digit of x?
